 -6*d + r. Suppose 3*j = -3*w + 9, -3*w + 14 = -2*j - 0*j. Calculate the remainder when d is divided by w.
3
Let r be ((-45)/6)/(4/(-8)). What is the remainder when 439 is divided by ((-741)/(-26) - r)*(-28)/(-6)?
61
Suppose -4*x - 3*k = 736, -760 = 4*x - 3*k - 0*k. Let s = -86 - x. What is the remainder when s is divided by -19 - (15 - (-6692)/(-98)) - (-2)/(-7)?
33
Let v(f) = -f**3 - 6*f**2 + 3*f - 8. Let b(w) = -w**2 + 2*w - 33. Let o be b(-8). Let l = o - -170. What is the remainder when l is divided by v(-7)?
17
Suppose -2*z - 2*l = -252, -2*z + 3*l = 3*z - 622. Let b(a) = -3*a + 30. What is the remainder when z is divided by b(-5)?
35
Let g(y) = -y**2 + 19*y - 28. Let i be 2*2*170/40. Let t be g(i). Let j(a) = -a**3 + 5*a**2 + 9*a - 3. Calculate the remainder when 22 is divided by j(t).
7
Let o be (-60)/(-16)*176/6. Suppose 3*k - o + 83 = 0. Suppose 32 = 2*s - 5*a - k, 2*a - 109 = -3*s. Calculate the remainder when s is divided by 18.
15
Let l(p) = -3*p**2 + 126*p - 374. What is the remainder when l(36) is divided by 81?
31
Suppose -2*u - a + 58 = 0, 24 - 4 = u + 5*a. Let i = u + -7. Calculate the remainder when 63 is divided by i.
17
Let c = -40 + 76. Suppose 0 = -o + 7 + 14. What is the remainder when c is divided by (o - 0) + (-2 - 0/(-5))?
17
Let c(y) = -18*y + 2. What is the remainder when (-48 + 4/(-4))*(-17 - -14) is divided by c(-4)?
73
Suppose 14*o + 108 = 23*o - 3*o. What is the remainder when 4027 is divided by o?
13
Let m(p) = -192*p + 4198. Calculate the remainder when 5474 is divided by m(21).
162
Suppose -145 + 38 = -c + w, 3*c + 4*w - 349 = 0. Let p = 50 + -135. Let i = c + p. Calculate the remainder when i is divided by 12.
2
Let b = 18 + -11. Let j(k) = -2*k**3 + 124*k**2 + 89*k + 2335. What is the remainder when b is divided by j(63)?
3
What is the remainder when (-1 - -1) + (9 - -32 - -1223) is divided by 34?
6
Let f be 14 + -10 - (2 + 1). Suppose -2*o + 2*i + 9 = -25, -i = -f. Let n = o + 4. Calculate the remainder when 82 is divided by n.
16
Suppose -391*l = -136*l + 484*l - 3695. Calculate the remainder when (-2 - 49)/(2/(-4)) is divided by l.
2
Suppose 16*f - 1586 - 430 = 0. Suppose 290 + f = 16*j. Suppose -3*s + 44 - j = 0. What is the remainder when 15 is divided by s?
3
Suppose 4*o - 3*x = 144, 153 = 14*o - 9*o + 3*x. Let f(l) = -l**2 + 4*l + 9. Let b be f(7). Calculate the remainder when (-1160)/b - (-1)/3 is divided by o.
31
Suppose 0 = 3*c - 0*c - 5*g - 43, 55 = 5*c - 5*g. Let h(s) = -s**2 + 8*s + 23. Calculate the remainder when 104 is divided by h(c).
34
Suppose 1 = 2*c - c - x, -5*x = 3*c - 35. What is the remainder when (-5 - (-182)/28)*(-224)/(-3) is divided by c?
2
Let f(y) = -y**3 - 15*y**2 + 63*y - 19. Let o = -3220 + 3248. What is the remainder when f(-19) is divided by o?
4
Let t(x) = 764*x - 9856. What is the remainder when (-7381)/(-33) + (-1)/(-3) is divided by t(13)?
72
Suppose 0 = 14*o - 63 - 343. Calculate the remainder when 790 is divided by o.
7
Suppose 0 = 7*l - 15*l. Suppose 8*v - 18*v + 240 = l. Calculate the remainder when 164 is divided by v.
20
Let i = -230 - -528. Suppose -4*y + 10 + i = 0. Suppose 2*z = z + 4*v + 14, 32 = z + 2*v. What is the remainder when y is divided by z?
25
Suppose 0 = -95*s + 106*s - 1463. What is the remainder when 12899 is divided by s?
131
Let g = -3755 + 3877. What is the remainder when 568 is divided by g?
80
Suppose 5*o = -2*f + 12, -f + 7 + 0 = 3*o. Suppose -5*v + o*b - 1 = -302, 4*b = 4*v - 248. What is the remainder when v is divided by 15?
14
Let h(d) = 2*d**2 - 166*d - 1625. What is the remainder when 852 is divided by h(-10)?
147
Let d = -1174 + 1232. Let v = -244 + 474. Calculate the remainder when v is divided by d.
56
Let j(c) = c**3 - 21*c**2 + 20*c + 6. Let u be j(20). Let f be (42/(-6) + -1)*u/8. Let g(n) = n + 33. What is the remainder when g(f) is divided by 6?
3
Let h(z) = z**2 + 10*z + 8. Let q be h(5). Suppose q = 2*w + 69. What is the remainder when 193 is divided by w?
4
Suppose 1860 = -2*o - 3*o. Let s = -365 - o. What is the remainder when 76 is divided by s?
6
Suppose 1028*f - 1103*f + 225 = 0. Calculate the remainder when (-118)/(-2) + -3 - 1 is divided by f.
1
Suppose 4*w = 2*v - 230, 73*v = 76*v + w - 394. What is the remainder when v is divided by 120?
9
Suppose -4*f + 7*f - 177 = 0. Let q be (-16)/4*(-604)/16. Let i = q - f. What is the remainder when i is divided by 24?
20
Let x be (5 + 0)/(28/252). Let t = -20 + x. Calculate the remainder when 123 is divided by t.
23
Suppose -4*c + 7*c - 147 = 0. Let a(z) = 109*z**2 + 319*z + 9. Calculate the remainder when c is divided by a(-3).
16
Let x = 3089 + -3064. Calculate the remainder when 74 is divided by x.
24
Suppose j + 11*s = 406, -4*j + 2*s = -8*j + 1624. What is the remainder when j is divided by 17?
15
Suppose 1718*p - 1678*p - 14360 = 0. Calculate the remainder when p is divided by 27.
8
Let y(w) = 4*w**2 - 8*w - 13. Let x = -461 + 465. What is the remainder when -3*(194/(-6) - -1) is divided by y(x)?
18
Let p = -73 + 83. Suppose -k = p*k - 44. What is the remainder when 17 is divided by k?
1
Let m(w) = -w**3 - 55*w**2 + 182*w + 530. What is the remainder when 3428 is divided by m(-58)?
62
Let n = 23 + -23. Suppose 0 = -5*u + p + 14, 4*p - 13 = -3*u - n*p. Suppose -23 = -u*k - 14. Calculate the remainder when k is divided by 1.
0
Let h(f) = -72*f**3 - f - 2. Suppose s + 3 = 9. Calculate the remainder when h(-1) is divided by s.
5
Suppose -71*k + 79442 = -49*k. Calculate the remainder when k is divided by 139.
136
Let n = -1 - -2. Suppose -321*j = 362*j - 8666 - 8302 + 4674. Calculate the remainder when 0/n - -49*1 is divided by j.
13
Let b be ((-90)/27)/(5/(-6)). Calculate the remainder when 2116/(0 + b) - (5 + -2) is divided by 33.
31
Suppose 119*t - 44*t - 36258 - 15117 = 0. Calculate the remainder when t is divided by 46.
41
Let x(k) = -2*k**3 - 198*k**2 + 121*k - 1305. Calculate the remainder when x(-100) is divided by 20.
15
Let r(o) = o**3 + 20*o**2 + 18*o - 14. Let p be r(-19). Let s be (1992/(-10))/3 - 3/p. Let g = 106 + s. What is the remainder when g is divided by 10?
9
Suppose 36 = 3*n - 2*p - 0*p, 5*n - 59 = 3*p. Let c(b) = 20*b + 508. Calculate the remainder when c(-15) is divided by n.
8
Suppose 0*o - 19 = -5*c - 2*o, 0 = -2*o - 6. Suppose -4*r + c*r - 124 = 0. Calculate the remainder when r is divided by (2/6*3)/((-13)/(-325)).
24
Suppose -q - 5*w - 224 = 2*q, 0 = -3*q - 2*w - 239. Let m = q + 39. Let h = m + 49. Calculate the remainder when 6 is divided by h.
1
Suppose 25 - 233 = -8*r. Calculate the remainder when 118 is divided by r.
14
Let m(o) = -32*o + 23. Let l(v) = -66*v + 46. Let n(w) = 2*l(w) - 5*m(w). What is the remainder when 110 is divided by n(2)?
11
Suppose 134*f + 99 = 135*f + a, -96 = -f - 2*a. Calculate the remainder when 314 is divided by f.
8
Let s(a) = -28*a - 3. Let x be s(-1). Suppose -x*v + 300 = -0*v. What is the remainder when 136 is divided by v?
4
Let f(j) = j + 2. Let b be ((-830)/(-20))/(2 + (-11)/6). Suppose -2*k - 245 = -b. Calculate the remainder when f(5) is divided by k.
1
Suppose -7783 + 4471 = -276*q. Let s = -20 + 125. Calculate the remainder when s is divided by q.
9
Let m = -22434 - -22442. Calculate the remainder when 9092 is divided by m.
4
Let a(d) = d**3 - 9*d**2 + 2*d + 12. Let s be 14/(3 + -2 + 0). Suppose -5*c + 31 = -s. What is the remainder when 148 is divided by a(c)?
28
Let z(p) = p**3 - 3*p**2 + 3*p + 2. Let h be z(2). Suppose 5*u = -0*g + h*g + 456, 273 = 3*u - 3*g. Calculate the remainder when u is divided by 30.
2
Suppose 109*s + 450 - 7862 = 0. What is the remainder when s is divided by 12?
8
Suppose 10*m = -2*m + 276. Let c = -27 - -41. What is the remainder when (-4)/c + (-578)/(-14) is divided by m?
18
Suppose -39*y - 80 = -41*y. Let g(f) = 11*f + 8. Let r be g(5). Suppose -5*x + r = -2*x. What is the remainder when y is divided by x?
19
Suppose 4*g = 4*q - 188, 0 = 2*g + 4*q - 3*q + 85. Let a = g - -168. What is the remainder when a is divided by 64?
60
Let o = -280 + 299. Suppose k + 18 = 3*l - 3*k, -2*k - 12 = -2*l. What is the remainder when 9/l*(1 - -57) is divided by o?
11
Let x be -2*2*(-54)/12. Suppose -x = -8*l + 334. What is the remainder when l is divided by 24?
20
Suppose -20 = -4*s, 